2 - 5*d - 7. What is v(-3)?
-10
Let c(f) = -f**3 + 17*f**2 - 15*f - 24. Calculate c(16).
-8
Let n(c) = -4*c**3 - 2*c**2 - 6*c - 6. Determine n(-2).
30
Let i(z) = -z**2 + z - 1. Calculate i(4).
-13
Let s(f) = -f**2 + 16*f - 51. Determine s(4).
-3
Let y(f) = 2*f - 5. What is y(-4)?
-13
Let h(p) = -5*p - 14. Determine h(-4).
6
Let r(l) = -3*l**3 + 10*l**2 + 16*l - 11. Determine r(6).
-203
Let v(k) = k**2 - 6*k - 10. Calculate v(10).
30
Let c(r) = -9*r - 281. Give c(-32).
7
Let w(h) = h**3 - 6*h**2 - 4*h - 6. Determine w(7).
15
Let k(p) = 2*p**2 + 25*p + 72. Calculate k(-5).
-3
Let a(d) = -d**3 - 15*d**2 + 31*d - 65. Calculate a(-17).
-14
Let i(b) = b**3 + 22*b**2 - 24*b - 26. Calculate i(-23).
-3
Let q(d) = d**3 - 5*d**2 - 16*d - 10. Give q(7).
-24
Let j(i) = -8*i - 31. Calculate j(-5).
9
Let o(b) = b**2 + 42*b + 51. What is o(-41)?
10
Let s(q) = 5*q**3 - 4*q**2 + 4*q. What is s(2)?
32
Let i(v) = -3*v**2 - 10*v - 16. Determine i(-4).
-24
Let v(a) = -2*a - 12. Give v(-6).
0
Let h(j) = 7*j - 6. What is h(-5)?
-41
Let g(x) = x**2 + 14*x + 10. Determine g(-13).
-3
Let w(o) = -o**3 - 6*o**2 - 3*o. Calculate w(-4).
-20
Let w(v) = 5*v - 154. Determine w(26).
-24
Let x(d) = 6*d**2 - 12*d + 12. What is x(2)?
12
Let x(z) = 65*z**2 - z. Calculate x(-1).
66
Let x(v) = 2*v - 52. Calculate x(23).
-6
Let a(z) = z. What is a(10)?
10
Let a(x) = -x**3 - 4*x**2 + 15*x - 9. Calculate a(-7).
33
Let i(d) = 28*d - 61. Give i(3).
23
Let g(f) = -2*f + 7. Determine g(6).
-5
Let j(q) = -10*q - 103. Determine j(-10).
-3
Let q(o) = -42*o - 406. Calculate q(-10).
14
Let v(n) = -6*n - 3. Calculate v(-2).
9
Let o(r) = -r**3 + r**2 + 2*r - 1. Determine o(2).
-1
Let g(p) = p**2 - 7*p - 11. Calculate g(6).
-17
Let h(l) = l**2 + 3*l - 3. Give h(-2).
-5
Let u(n) = n. Give u(0).
0
Let x(m) = -m**2 + m + 4. Calculate x(3).
-2
Let b(n) = -38*n**3 + 5*n**2 + 4*n. Determine b(-1).
39
Let o(x) = 5*x + 132. What is o(-27)?
-3
Let m(s) = -s**2 - 29*s - 65. Calculate m(-24).
55
Let w(p) = -10*p - 5. Give w(-1).
5
Let y(u) = u**3 + 20*u**2 - 18*u + 61. Give y(-21).
-2
Let k(j) = j**3 + 15*j**2 + 15*j + 10. What is k(-13)?
153
Let x(z) = -14*z**2 + 22*z + 6. What is x(2)?
-6
Let h(f) = 2*f - 19. Give h(13).
7
Let z(u) = u**2 + 2*u - 79. Calculate z(8).
1
Let b(h) = -16*h**2 - h - 2. Determine b(2).
-68
Let m(a) = -2*a**3 - 21*a**2 - 10*a - 3. Determine m(-10).
-3
Let a(g) = -g**2 + 8*g - 19. What is a(7)?
-12
Let a(y) = y - 48. Calculate a(0).
-48
Let m(s) = s**3 + 11*s**2 - 13*s - 20. Calculate m(-12).
-8
Let h(s) = -s**3 + 13*s**2 - 9*s - 8. Determine h(12).
28
Let v(i) = -i**2 + 7*i + 1. Calculate v(2).
11
Let o(z) = 8*z**2 - 12*z - 13. Determine o(-1).
7
Let l(r) = r**2 - 8*r - 18. Determine l(8).
-18
Let d(w) = 4*w - 13. What is d(3)?
-1
Let s(b) = -b**3 + 15*b**2 - 10*b + 20. Determine s(14).
76
Let b(j) = 8*j**3 + j**2 - j + 1. Determine b(1).
9
Let u(z) = z**2 + 9*z - 17. Calculate u(3).
19
Let u(k) = -k**3 + 16*k**2 - 29*k + 20. Determine u(14).
6
Let b(t) = -t**3 + 8*t**2 - t - 18. What is b(6)?
48
Let h(f) = -5*f + 4. What is h(1)?
-1
Let q(w) = w**3 + 5*w**2 - 20*w - 38. Give q(-7).
4
Let w(g) = 8*g + 10. Calculate w(5).
50
Let f(z) = z**3 - 6*z**2 - 29*z + 5. What is f(9)?
-13
Let q(c) = -c**2 - 7*c + 8. Give q(-10).
-22
Let v(s) = s**3 + s**2 + 2*s - 6. Calculate v(0).
-6
Let u(x) = x**3 + 17*x**2 - 85*x - 14. Determine u(-21).
7
Let u(d) = -10*d - 182. Give u(-23).
48
Let u(i) = -7*i**2 + 9*i + 8. Calculate u(-1).
-8
Let c(p) = 15*p**2 + 16*p - 27. Calculate c(2).
65
Let c(s) = s**2 - 33*s + 134. What is c(5)?
-6
Let r(h) = h**3 + 14*h**2 - 17*h - 18. Give r(-15).
12
Let s(h) = -h**3 - 9*h**2 - 18*h - 8. Calculate s(-7).
20
Let j(f) = f**3 + 7*f**2 - 9*f - 12. Calculate j(-8).
-4
Let w(y) = y**3 + 42*y**2 + y + 35. Calculate w(-42).
-7
Let g(l) = 2*l**2 - 86*l + 20. Determine g(43).
20
Let d(q) = 5*q**3 - q + 6. Give d(-3).
-126
Let r(d) = -d + 25. Determine r(22).
3
Let h(g) = 74*g + 152. What is h(-2)?
4
Let a(v) = v. What is a(-6)?
-6
Let u(m) = -m**2 + 13*m - 13. Determine u(12).
-1
Let o(u) = u**3 + 9*u**2 + 6*u + 31. Calculate o(-10).
-129
Let h(i) = 3*i**3 - 2*i**2 + 4*i - 1. Give h(3).
74
Let l(c) = -c**3 + 12*c**2 - 15*c + 38. Give l(11).
-6
Let k(m) = m**3 - 7*m**2 - 8*m + 5. Calculate k(8).
5
Let f(p) = 24*p - 1608. Determine f(67).
0
Let w(x) = x**3 + 2*x**2 - x - 10. Calculate w(-2).
-8
Let z(b) = -20*b - 8. Give z(-3).
52
Let o(h) = -h**2 - 36*h - 64. What is o(-34)?
4
Let h(d) = -d**3 - 7*d**2 + 10*d + 9. Give h(-8).
-7
Let z(i) = -i**2 + 8*i + 10. What is z(8)?
10
Let b(m) = -m**2 + 7*m + 24. Determine b(14).
-74
Let z(c) = -5*c**2 + 4*c + 4. What is z(-3)?
-53
Let t(s) = 3*s**3 + 8*s**2 + 10*s. Calculate t(-4).
-104
Let i(x) = -79*x + 235. Calculate i(3).
-2
Let h(a) = -3*a - 70. Give h(-20).
-10
Let w(x) = x**2 + 21*x + 25. Determine w(-17).
-43
Let m(d) = 4*d + 15. What is m(-4)?
-1
Let c(k) = -k**3 + 16*k**2 + 4*k - 62. Determine c(16).
2
Let a(s) = -s**3 + 13*s**2 - 16*s + 13. Give a(12).
-35
Let v(d) = d**2 + 11*d - 2. Calculate v(-9).
-20
Let l(z) = z + 8. Give l(-9).
-1
Let w(s) = -s**2 - 7*s + 1. What is w(-6)?
7
Let h(s) = 7*s + 8. Give h(-3).
-13
Let k(s) = 4*s**3 - 3*s**2 - 5*s + 6. Calculate k(3).
72
Let r(k) = 3*k + 22. What is r(0)?
22
Let j(x) = -7*x - 9. Determine j(-6).
33
Let f(h) = -h**3 - 5*h**2 + 5*h - 6. Give f(-6).
0
Let a(d) = d**2 - 17*d + 27. What is a(16)?
11
Let f(r) = r**3 + 11*r**2 + 17*r + 4. What is f(-9)?
13
Let s(l) = -l**3 - 21*l**2 - 26*l - 127. What is s(-20)?
-7
Let t(k) = 9*k - 43. What is t(16)?
101
Let l(y) = -y**2 + 7*y - 4. Give l(5).
6
Let d(n) = -5*n - 100. What is d(-21)?
5
Let o(p) = 2*p**2 - 4. Calculate o(3).
14
Let z(n) = -39*n**2 + 2. Give z(1).
-37
Let y(a) = a**3 - 15*a**2 - 4*a + 81. Give y(15).
21
Let x(l) = l**3 + 22*l**2 - 49*l - 29. Determine x(-24).
-5
Let d(c) = c**3 - 46*c**2 + c - 43. Give d(46).
3
Let w(j) = 5*j**2 + 91*j - 77. What is w(-19)?
-1
Let l(s) = 7*s + 1. What is l(-4)?
-27
Let b(x) = x**2 - 27*x - 26. Determine b(28).
2
Let n(w) = -10*w**2 - 30*w - 17. What is n(-2)?
3
Let i(n) = 4*n + 84. Give i(-16).
20
Let v(s) = s**3 + 4*s**2 - 3. Calculate v(-3).
6
Let y(k) = k**2 - 24*k + 31. Give y(23).
8
Let l(f) = -f**3 + f - 17. Determine l(0).
-17
Let y(g) = -g**3 - 7*g**2 + 96*g + 21. What is y(7)?
7
Let r(k) = -14*k - 9. Calculate r(-7).
89
Let x(h) = -4*h + 11. What is x(-6)?
35
Let p(n) = n**3 - 9*n**2 + 2*n + 2. Calculate p(9).
20
Let j(z) = z**3 - 6*z**2 + 2*z + 5. What is j(4)?
-19
Let o(q) = q**3 - 2*q**2 + 28*q - 54. Calculate o(2).
2
Let k(r) = 2*r**2 + r. Calculate k(-1).
1
Let p(f) = -2*f**2 - f - 2. Determine p(3).
-23
Let m(s) = 9*s - 63. Give m(7).
0
Let h(p) = p**3 + 4*p**2 + 5*p. Determine h(-3).
-6
Let n(x) = -x**2 + 11*x - 30. Calculate n(10).
-20
Let m(z) = -z**3 - 60*z**2 - 174*z - 175. Give m(-57).
-4
Let i(o) = -o**3 + 4*o**2 + 5*o - 3. Determine i(5).
-3
Let r(b) = 6*b - 153. Give r(28).
15
Let g(n) = n**2 - 2*n - 6. Determine g(3).
-3
Let k(c) = 21*c**3 + c**2 + 2*c - 2. Give k(1).
22
Let k(x) = 3*x - 32. Give k(10).
-2
Let p(y) = 9*y**2 - 2*y - 1. What is p(-1)?
10
Let y(x) = -x - 14. Give y(-10).
-4
Let d(y) = y**3 + 15*y**2 - 14*y - 5. What is d(-16)?
-37
Let x(a) = -a**3 + 6*a**2 + 9*a - 7. What is x(7)?
7
Let c(u) = -u**3 + 8*u**2 + 12*u - 22. Calculate c(9).
5
Let m(i) = 2*i**2 + 5*i - 3. Calculate m(-4).
9
Let a(c) = -c**3 - 6*c**2 + 8*c + 18. Calculate a(-8).
82
Let i(p) = 98*p - 981. Calculate i(10).
-1
Let v(o) = -o**3 - 5*o**2 - 2*o + 7. Give v(-5).
17
Let v(r) = 2*r + 14. Give v(-5).
4
Let u(g) = -g**3 - 24*g**2 + 57*g + 3. Give u(-26).
-127
Let n(m) = -m**2 + m + 4. Give n(-5).
-26
Let a(n) = n**3 + 18*n**2 + 19*n + 45. Give a(-17).
11
Let a(n) = -4*n + 34. Give a(-24).
130
Let w(u) = -u**2 - 15*u + 4. Give w(-16).
-12
Let g(f) = -f + 36. What is g(0)?
36
Let j(u) = 39*u**3 - u**2 - 6*u - 2. Determine j(-1).
-36
Let v(j) = 3*j**3 - 2*j**2 - 4*j - 4. Give v(3).
47
Let a(x) = -x**3 - 14*x**2 - 12*x + 11. What is a(-13)?
-2
Let p(s) = -7*s**2 + 3*s + 1. Calculate p(-2).
-33
Let b(h) = -h**2 + 32*h - 86. Give b(29).
1
Let l(s) = -s**3 + 8*s**2 + 8*s + 7. Give l(9).
-2
Let y(w) = -w**2 + 10*w + 8. Calculate y(11).
-3
Let j(c) = 5*c**3 - c**2 + 3*c + 5. What